of 673526 and 238?
14
Calculate the greatest common divisor of 87732262 and 9294.
3098
Calculate the highest common divisor of 354 and 134450793.
177
Calculate the greatest common divisor of 11 and 3119147.
1
What is the greatest common factor of 74132070 and 685?
685
What is the highest common factor of 53107621 and 1127?
1127
Calculate the highest common divisor of 316784 and 172099.
1523
What is the highest common divisor of 404469 and 13383?
9
What is the highest common factor of 171 and 5805906?
57
What is the highest common divisor of 285075 and 14116725?
1575
Calculate the greatest common divisor of 80020 and 2505.
5
Calculate the greatest common divisor of 5886 and 890973.
27
Calculate the greatest common divisor of 4955368 and 704.
88
What is the highest common factor of 4416731 and 55?
11
What is the greatest common divisor of 14824 and 146932?
436
Calculate the highest common factor of 4220 and 69183524.
844
What is the highest common divisor of 19404 and 80402?
14
What is the greatest common divisor of 686968209 and 54?
27
What is the greatest common factor of 21273018 and 2074?
2074
What is the highest common factor of 120 and 125678720?
40
Calculate the greatest common factor of 79705 and 10898610.
4195
What is the highest common factor of 3472182 and 558?
18
What is the highest common divisor of 39852 and 122796?
324
Calculate the highest common divisor of 4883792070 and 3027.
3027
Calculate the highest common divisor of 461 and 550635457.
461
Calculate the greatest common divisor of 1592240 and 29080.
40
What is the highest common divisor of 223008 and 354?
6
Calculate the greatest common divisor of 370 and 76550.
10
What is the greatest common factor of 2 and 5393686?
2
What is the highest common factor of 9594 and 1608102?
738
What is the greatest common divisor of 11551662 and 16379?
1489
What is the greatest common factor of 1525 and 312925?
25
What is the highest common divisor of 411 and 24603419?
137
What is the highest common factor of 406705644 and 4897?
4897
Calculate the greatest common divisor of 32517 and 540450605.
3613
What is the highest common factor of 4368 and 8099364?
1092
Calculate the highest common divisor of 137056 and 124064.
32
What is the highest common divisor of 421 and 42251981?
421
Calculate the greatest common divisor of 84 and 93158772.
84
Calculate the highest common divisor of 1933 and 48180025.
1933
Calculate the highest common divisor of 27103095 and 198.
9
What is the greatest common divisor of 45638691 and 105?
21
Calculate the greatest common factor of 883344 and 1743266.
3346
Calculate the greatest common divisor of 306 and 2799016.
34
What is the highest common factor of 140368 and 97897907?
8773
Calculate the highest common factor of 491 and 76356883.
491
What is the highest common divisor of 27 and 1286836335?
27
Calculate the highest common factor of 52 and 35136179.
13
What is the greatest common factor of 204514 and 622918?
586
What is the greatest common factor of 361410 and 1749090?
210
What is the greatest common divisor of 20048336 and 1694?
154
What is the greatest common factor of 312477939 and 27?
27
Calculate the greatest common divisor of 777078 and 7623.
9
What is the highest common divisor of 308 and 7399876?
44
Calculate the highest common divisor of 3857 and 10216927.
133
Calculate the highest common factor of 3092 and 58418702.
1546
Calculate the highest common divisor of 126 and 6004890.
18
Calculate the greatest common divisor of 2112 and 11257664.
704
What is the highest common divisor of 283957378 and 10072?
2518
What is the greatest common divisor of 142 and 25685031?
71
What is the highest common factor of 365862 and 39866?
62
What is the highest common divisor of 3672 and 2565266?
34
Calculate the highest common factor of 36022 and 65604196.
1162
What is the greatest common divisor of 122954 and 33254?
26
Calculate the highest common divisor of 714 and 2419074.
42
Calculate the highest common factor of 24747503 and 143.
11
Calculate the highest common factor of 127473812 and 8.
4
What is the highest common divisor of 118076975 and 8175?
2725
What is the highest common divisor of 41977843 and 563?
563
What is the greatest common factor of 760 and 66197520?
760
What is the greatest common factor of 22066 and 248908?
22
Calculate the highest common factor of 27962360 and 50.
10
What is the greatest common divisor of 96781283 and 73?
73
What is the greatest common divisor of 2800 and 1726256?
112
What is the greatest common divisor of 1197080636 and 136?
68
What is the greatest common factor of 362 and 759286?
2
Calculate the greatest common divisor of 7521059 and 49.
49
Calculate the highest common factor of 15972 and 11150304.
132
What is the greatest common divisor of 2546 and 878332?
38
Calculate the highest common factor of 410067 and 1106829.
207
Calculate the highest common divisor of 2843577 and 6534.
99
Calculate the highest common divisor of 41076 and 193788.
252
Calculate the highest common divisor of 975510 and 80.
10
What is the highest common divisor of 840 and 145500831?
21
What is the highest common factor of 140504 and 2236?
52
What is the greatest common divisor of 333248543 and 19?
19
Calculate the greatest common factor of 91 and 52829426.
13
Calculate the highest common divisor of 6077400 and 90.
30
What is the greatest common factor of 50902 and 76942?
62
What is the greatest common factor of 168 and 13974429?
21
What is the highest common factor of 60482435 and 1469?
13
Calculate the greatest common factor of 1400 and 2822575.
175
What is the highest common factor of 124313887 and 3541?
3541
What is the greatest common factor of 439403 and 940?
47
What is the greatest common factor of 69344 and 35936?
32
Calculate the greatest common divisor of 73400999 and 19789.
1799
What is the highest common divisor of 19151560 and 15128?
488
Calculate the highest common divisor of 216255 and 520.
65
What is the greatest common factor of 1461 and 5262522?
1461
Calculate the highest common divisor of 144 and 2256204.
12
What is the greatest common divisor of 2277 and 78316656?
759
What is the highest common divisor of 561 and 17525691?
51
Calculate the highest common factor of 613857 and 10074.
219
Calculate the highest common divisor of 1358 and 194646893.
679
What is the greatest common factor of 1696 and 2690227?
53
What is the greatest common factor of 629579 and 1085899?
713
What is the highest common factor of 62577 and 949059?
153
Calculate the highest common divisor of 11908 and 27839988.
916
What is the greatest common divisor of 3110 and 125830?
10
What is the highest common divisor of 323 and 209917377?
323
What is the greatest common divisor of 1208586 and 4710?
942
Calculate the highest common divisor of 1154 and 939074424.
1154
Calculate the greatest common divisor of 87770 and 230560.
1310
Calculate the highest common divisor of 417668222 and 38.
38
What is the highest common divisor of 234 and 604377?
9
Calculate the greatest common factor of 199 and 12692419.
199
What is the highest common divisor of 10108 and 573724?
76
Calculate the highest common factor of 122820 and 4738.
46
Calculate the greatest common factor of 42791 and 130934347.
6113
What is the greatest common divisor of 12769499 and 1207?
17
What is the highest common divisor of 352780 and 62?
62
What is the greatest common factor of 32715 and 4098099?
2181
Calculate the highest common divisor of 1124 and 82970308.
1124
What is the highest common factor of 25491 and 10308?
3
Calculate the greatest common divisor of 28 and 2173122.
14
Calculate the highest common factor of 464 and 5239169.
29
Calculate the greatest common factor of 225 and 7481322.
9
Calculate the greatest common factor of 558 and 751305150.
558
Calculate the greatest common divisor of 14 and 1518899382.
14
Calculate the greatest common divisor of 17672 and 61202554.
4418
Calculate the greatest common divisor of 130839968 and 11392.
2848
Calculate the highest common divisor of 60312 and 16300036.
1436
Calculate the greatest common divisor of 914760 and 448.
56
Calculate the highest common factor of 41241683 and 2436.
203
What is the highest common factor of 17566046 and 74?
74
Calculate the highest common d